4/42). Is (-42369)/q - 12/21 composite?
False
Suppose 0 = -5*m + l + 26, -m - 4*l - 2 = -6*l. Let w be (m/(-12))/(1/(-18)). Is 3*(-3 + 390/w) composite?
True
Let p(w) = 55*w**3 + 2*w - 31. Is p(6) a composite number?
True
Suppose -2*t - 1 = 3. Is -2 + (-2)/(0 - t/(-3069)) a prime number?
True
Suppose 4233 - 30232 = -5*t - 3*j, 4*t + 2*j - 20800 = 0. Suppose -x + 8*x - t = 0. Is x a composite number?
False
Let q = -3918 + 14455. Is q prime?
False
Let n(s) = 1158*s + 22. Let y be n(3). Suppose 0 = -4*a - 3*i + y, 4*a - 3*i - 3524 = i. Is a a prime number?
True
Suppose 26375 = 2*x + x + p, 5*x = -3*p + 43953. Suppose 4*n + x = 5*j, -5*n - 3524 = -0*j - 2*j. Is j a prime number?
False
Suppose -920*w - 22998 = -926*w. Is w composite?
False
Let u be (-28)/20 - 4/(-10). Let w be u/((-6)/(-9) - 1). Suppose -p + 140 = w*p. Is p composite?
True
Suppose 0 = 4*x - 2*x - 140. Suppose -2*j + 3*j - 95 = -4*b, j - b = x. Suppose 2*s - 5*s + j = 0. Is s a prime number?
False
Let c(u) = u + 10. Let i be c(-7). Suppose 580 = i*g - 299. Is g composite?
False
Suppose -n = -4*z - 9, 9*n + z + 15 = 5*n. Is (98/(-21))/(4*n/342) prime?
False
Let z(q) be the second derivative of -52*q**3/3 + 7*q**2/2 - 32*q. Is z(-3) a composite number?
True
Let w(f) be the first derivative of 19/2*f**2 + 2/3*f**3 - 1 - 2*f. Is w(-13) composite?
False
Let u = 24 + -22. Let d be u + -2 - (-1)/(-1). Is (-691)/(-1)*(-1)/d composite?
False
Suppose o + 4*z - 22573 = z, -o - 5*z = -22577. Is o a composite number?
False
Suppose 8*b - 7*b = 6. Suppose 5*u = b*u. Suppose u = -3*m + 792 - 51. Is m prime?
False
Let h = -19 + 21. Suppose 2529 = 3*k + 4*i, 0*k + h*k - 1686 = 2*i. Is k a composite number?
True
Let q be 2/(-9) - (-4)/18. Let l be -3 + q + 10 - 3. Suppose 0 = 4*a + l*z - 101 - 431, -a = -3*z - 133. Is a a composite number?
True
Let u(j) = 9 - 14*j - 2 - 3*j. Let a be u(-6). Suppose 2*s = s + a. Is s composite?
False
Let j(a) = a**3 - 2*a**2 - 1. Let p be j(2). Let l(u) = -u**2 - u + 1. Let k(n) = n**2 + 3*n - 21. Let g(v) = p*k(v) - 2*l(v). Is g(0) a composite number?
False
Let t(y) = 133*y + 18. Is t(11) composite?
False
Let l(b) = -b - 12. Let o be l(-14). Let p = o - -1. Suppose -4*k + p*k = -21. Is k composite?
True
Is 896/4 + 5 + -6 composite?
False
Suppose -2*i - 8 = 2*j - 3*j, 5*i = 5*j - 20. Suppose m - 57 - 114 = j. Suppose -816 = -3*s + m. Is s prime?
False
Let d(n) = 207*n**2 + 18*n + 62. Is d(-5) prime?
True
Let o(r) = 190*r**2 - 57*r - 12. Is o(13) a prime number?
True
Let g(v) = 828*v - 359. Is g(16) a prime number?
True
Let m(c) = 2*c - 21. Let r be m(14). Let q(k) = -3*k + 1. Let t be q(-1). Is 186/3 - (r - t) a composite number?
False
Is 7494 + (15 - (19 - 11)) a composite number?
True
Suppose -8*d = -11*d. Suppose 0*w + 2*w + 34 = d. Let c = w + 79. Is c a composite number?
True
Suppose -r + 356 = -545. Is r prime?
False
Let t = -4995 + 15286. Is t a prime number?
False
Let a = -24 - -11. Let k(d) = d**2 + 14*d + 15. Let f be k(a). Let p(q) = 31*q**2 + q + 1. Is p(f) a composite number?
False
Let j(r) = 4*r + 46. Let o be j(-11). Let a = o + 77. Is a a prime number?
True
Suppose 2*v + 2*w = 6*w - 16, 2*v + 11 = 3*w. Suppose 3*j + m = 1719, 4*m = v*j - 703 - 443. Is j composite?
True
Suppose 0 = a + 3, -4*g + 24 = -a - 3*a. Suppose -411 = -j + z, -z + 450 = g*j - 791. Suppose d - 2*d + j = 0. Is d a prime number?
False
Suppose -2*k + 4*z = 10, -5*z = 5*k - 69 + 19. Suppose 3*s + 5*i - 801 = 0, k*s = s + 5*i + 1033. Is s composite?
True
Let q(i) = 5*i - 33. Let s be q(10). Suppose s*o - 2589 = 14*o. Is o composite?
False
Let p(s) = 1544*s**3 - 2*s**2 + 5*s - 4. Is p(1) a composite number?
False
Suppose -11*p + 5280 = -0*p. Let q = 10 + -4. Suppose q*o + 1442 = 3*l + o, -l + p = -o. Is l prime?
True
Let y(h) = 307*h + 183. Is y(28) prime?
True
Let m = -34 - -20. Let d be (-1375)/9 - m/(-63). Let h = 295 + d. Is h prime?
False
Let p(b) = -9 - 5*b**2 + 5 - 4 + b**3 + 3*b. Let s be p(7). Let w = s - -262. Is w a prime number?
True
Is (-534822)/(-30) - (-12)/(-30) a composite number?
False
Suppose -20*l + 27*l - 87458 = 0. Is l a prime number?
False
Let w = -11 - -14. Let c(x) = 9*x**3 + 2*x + 3. Let n be c(w). Suppose -4*p + n = 5*a - 161, -261 = -3*a + 2*p. Is a composite?
True
Suppose -4*x - 3*r - 33664 = 0, r - 33680 = -0*x + 4*x. Let q = x - -12688. Is q a composite number?
True
Suppose -2*w = -0*w - 2002. Suppose 1145 = 2*i - w. Is i a composite number?
True
Suppose -2*k = -15 + 1. Let n(i) be the first derivative of -i**4/4 + 7*i**3/3 + 4*i**2 - 3*i + 200. Is n(k) composite?
False
Let i(g) = -g**3 - 4*g**2 - 11*g - 2. Let c be i(13). Is (c/18)/((-1)/3) a prime number?
True
Let y(i) = 33*i**3 + 12*i**2 - 65*i - 9. Is y(7) a prime number?
True
Let g(z) = z**3 + 7*z**2 - 2*z - 6. Let t be g(-5). Suppose -t*b = -51*b - 654. Is b prime?
False
Let p = -79 + 120. Let n = -30 + p. Is n a prime number?
True
Let z be ((-58)/6 - 4)*-51. Is 0 - z/(-5) - (-8)/(-20) prime?
True
Let j(r) = 49*r + 6. Suppose 9 = 5*d - 16. Is j(d) a composite number?
False
Let z(o) = -2*o**3 - 19*o**2 + 45*o + 245. Is z(-29) a composite number?
True
Let p(f) = -23*f**3 + 2*f**2 + 5*f - 3. Suppose 4*x = -3*j + 11 - 27, -5*x - 20 = -4*j. Is p(x) a composite number?
False
Suppose -5*v = -4*i - 93 - 66, 0 = 4*v + 4*i - 156. Suppose 0 = -v*b + 37*b - 7886. Is b a composite number?
False
Is (12 - (-110)/(-10))/((-2)/(-13994)) composite?
False
Let h = -7642 + 11277. Is h composite?
True
Suppose -u - 64 = -5*u. Suppose u = 5*d + 6. Is (-4)/(-8)*d + 30 a prime number?
True
Let s(l) be the third derivative of l**6/120 - 7*l**5/30 - 7*l**4/8 - 31*l**3/6 - 17*l**2. Is s(18) prime?
True
Let u(x) = 2339*x**2 + 4*x + 11. Is u(4) a prime number?
False
Suppose 5*k + 33 + 97 = 0. Let d = -21 - k. Suppose -5*p = 3*m - 3443, -4*p + 3*p + 5753 = d*m. Is m composite?
False
Is 222/48 + -5 - (-170939)/8 a composite number?
True
Let q be 3/1 + (0 - (2 + -3)). Suppose s - 2315 = -q*n, -9320 = -4*s - 5*n + n. Is s a composite number?
True
Let y(z) = -4*z**3 + 3*z**2 + 6*z + 1. Let j(w) be the third derivative of -w**6/120 + 4*w**2. Let a(r) = 5*j(r) - y(r). Is a(-4) prime?
False
Suppose -21 = -3*q - 3*d - 66, -4*q + 4*d = 20. Is (2/8)/(q/(-8440)) prime?
True
Let s be -2*(10/(-4) - -1). Let h(k) = k. Let v be h(s). Suppose -b = 3*o - 99 + 2, -v*o = 5*b - 77. Is o prime?
False
Let p(w) be the first derivative of -w**4/4 - 4*w**3/3 + 5*w**2/2 + 2*w - 6. Let v be p(-4). Is 2997/v*4/(-6) composite?
True
Let f be (-3)/(-2)*2 - 7. Let i be -1*(-4 + (-8)/f). Is 214 + i + -3 + 4 a composite number?
True
Is 9 - (-19)/(114/9744) prime?
False
Suppose 0 = -39*g + 33*g + 479802. Is g composite?
False
Let r(c) = -c**2 + c + 15. Let p be r(-5). Is (-3351)/p - (-10)/(-25) prime?
True
Let m(n) = -3*n + 15. Let f be m(7). Let h be (f/4)/((-10)/80). Is 3/h + (-355)/(-4) a composite number?
False
Let a be 10/4 + (-1)/(-2). Suppose -4*x + a*p - 284 = 0, -x - 3*x + 2*p - 288 = 0. Let k = x - -297. Is k composite?
False
Is 5352 - ((-1)/(-1) - -4) composite?
False
Let p be (3/(-15) - -2) + (-4)/(-20). Suppose -71 = -p*q + 435. Is q a prime number?
False
Let i(g) = -g**3 - 4*g**2 + 5*g + 3. Let u be i(-5). Suppose u*t = -2 + 14. Suppose -5*s = -5*d + 1875, 0*s + 1871 = 5*d - t*s. Is d prime?
False
Suppose 2*w + 4*j = j - 156, -2*j = w + 78. Let v = w + 205. Is v a composite number?
False
Suppose -13*x + 12*x = -179. Is x prime?
True
Let g = -13 + 15. Suppose -2*a + 36 = s - 6*a, -g*s = 3*a - 39. Let r = 7 + s. Is r prime?
True
Is 5919/6*(-26 + 48) a composite number?
True
Let k(b) = -14*b**2 - 22*b - 14. Let j be k(17). Is ((-28)/(-42))/((8/j)/(-2)) prime?
True
Suppose -12 - 6 = -3*d. Suppose -d = -3*r - 0. Suppose -13 = -5*m - 4*u + 385, 0 = -3*m + r*u + 252. Is m a prime number?
False
Suppose 0 = -8*k + 6 + 26. Suppose 2*o = 3*o + 3*y - 19, -o = -k*y + 16. Suppose 0 = -9*t + o*t + 595. Is t composite?
True
Suppose 0 = -6*v + 2 + 4. Let u be -49 + -5 + (5 - v). Is ((-4310)/u)/((-2)/(-10)) a composite number?
False
Suppose 4*r - 3*l - 2*l - 189 = 0, 3*l = 5*r - 220. Let f = -27 + r. Is 992/f + (-10)/(-70) a prime number?
True
Suppose g = -5*i + 497250, 5*i + 17*g - 497280 = 22*g. Is i prime?
False
Let z = 26340 + 26021. Is z composite?
False
Let g